he highest common divisor of 121 and 209077?
11
Calculate the greatest common factor of 49665 and 3213.
21
Calculate the greatest common divisor of 349083 and 6426.
189
What is the greatest common factor of 126 and 9117?
9
What is the highest common factor of 1064 and 551?
19
Calculate the greatest common factor of 3162 and 257238.
186
Calculate the greatest common factor of 18414 and 217.
31
What is the highest common factor of 1241 and 1836?
17
What is the highest common divisor of 90 and 12672?
18
What is the highest common factor of 8250 and 1830?
30
What is the highest common factor of 112 and 72646?
14
What is the highest common divisor of 23 and 23127121?
23
Calculate the greatest common divisor of 486 and 202419.
243
What is the greatest common factor of 6932 and 8?
4
What is the highest common factor of 134397 and 17658?
981
Calculate the highest common factor of 28512 and 1504.
32
What is the highest common factor of 2156 and 2893?
11
What is the highest common divisor of 5835 and 255?
15
What is the highest common divisor of 32592 and 46704?
336
Calculate the greatest common divisor of 128 and 155072.
64
What is the greatest common divisor of 70 and 106365?
35
Calculate the greatest common factor of 1950 and 182832.
78
What is the greatest common divisor of 2141 and 10655757?
2141
Calculate the greatest common factor of 32 and 4184.
8
Calculate the greatest common factor of 657 and 158337.
657
What is the greatest common factor of 263 and 76007?
263
Calculate the greatest common divisor of 136 and 394808.
136
Calculate the highest common factor of 1536 and 1776.
48
What is the greatest common factor of 35 and 312172?
7
Calculate the highest common divisor of 630 and 12530.
70
Calculate the highest common divisor of 1356 and 624.
12
What is the greatest common divisor of 7185 and 135?
15
Calculate the greatest common factor of 27455 and 114.
19
What is the greatest common factor of 135 and 132381?
27
Calculate the greatest common factor of 36 and 58554.
18
What is the highest common divisor of 3817860 and 323?
323
What is the highest common factor of 209692 and 28?
28
Calculate the highest common divisor of 149202 and 3070.
614
What is the greatest common divisor of 75 and 59425?
25
Calculate the highest common divisor of 132 and 30833.
11
Calculate the greatest common divisor of 117252 and 1656.
36
Calculate the highest common factor of 18900 and 1750.
350
What is the highest common factor of 48211 and 19499?
37
Calculate the greatest common divisor of 342 and 418.
38
Calculate the greatest common divisor of 12190 and 50.
10
What is the highest common divisor of 914035 and 558?
31
What is the highest common divisor of 2008 and 24?
8
What is the highest common divisor of 441 and 9783?
9
What is the greatest common factor of 1076641 and 1436?
359
What is the greatest common factor of 415 and 53701?
83
Calculate the highest common divisor of 254359 and 245.
49
Calculate the greatest common divisor of 127638 and 28.
14
What is the highest common divisor of 5 and 205630?
5
Calculate the highest common factor of 87023 and 544.
17
What is the greatest common factor of 133 and 16261?
7
What is the highest common divisor of 238 and 20026?
34
What is the highest common factor of 199525 and 92?
23
What is the greatest common divisor of 119 and 3151715?
119
Calculate the highest common divisor of 5973 and 7059.
543
What is the greatest common divisor of 58 and 38483?
29
Calculate the greatest common factor of 224 and 541248.
32
Calculate the highest common divisor of 182 and 1554.
14
What is the greatest common divisor of 5671 and 106?
53
Calculate the highest common factor of 3509 and 24389.
29
What is the greatest common divisor of 287268 and 48?
12
What is the highest common factor of 46144 and 128?
64
Calculate the greatest common factor of 75 and 825925.
25
What is the highest common factor of 60 and 2810320?
20
Calculate the highest common divisor of 4368 and 16128.
336
What is the highest common factor of 167643 and 5292?
189
Calculate the highest common divisor of 12 and 4194.
6
Calculate the highest common factor of 4625 and 18685.
185
Calculate the greatest common factor of 28024 and 39324.
452
What is the highest common factor of 8 and 20248?
8
Calculate the highest common factor of 323 and 8417.
19
What is the greatest common factor of 3628 and 788?
4
Calculate the highest common factor of 56 and 21680.
8
Calculate the highest common factor of 310 and 219790.
310
Calculate the greatest common divisor of 1064791 and 728.
91
Calculate the highest common factor of 23403 and 24476.
29
What is the highest common divisor of 26 and 1281722?
26
What is the greatest common divisor of 1474 and 73238?
22
Calculate the highest common factor of 1013610 and 60.
30
What is the greatest common divisor of 9042 and 299756?
274
Calculate the highest common divisor of 11 and 2195171.
11
Calculate the greatest common factor of 8253157 and 11.
11
Calculate the greatest common factor of 82975 and 625.
25
What is the greatest common divisor of 441782 and 1401?
467
What is the highest common divisor of 10633 and 35672?
343
Calculate the greatest common divisor of 12040 and 1892.
172
Calculate the greatest common divisor of 22725 and 10125.
225
What is the greatest common divisor of 32 and 137616?
16
What is the greatest common factor of 131900 and 20?
20
Calculate the greatest common factor of 228196 and 8974.
1282
Calculate the highest common divisor of 934627 and 499.
499
Calculate the greatest common factor of 2415 and 5405.
115
Calculate the highest common factor of 132840 and 270.
270
What is the highest common factor of 55481 and 327?
109
Calculate the highest common divisor of 8262 and 131220.
486
What is the greatest common divisor of 1869001 and 977?
977
What is the greatest common divisor of 1674 and 503006?
62
What is the highest common divisor of 434197 and 68?
17
What is the highest common divisor of 77796 and 108?
36
What is the highest common divisor of 23328 and 1848?
24
What is the greatest common factor of 93 and 405635?
31
What is the greatest common divisor of 1107890 and 833?
833
What is the greatest common divisor of 8587 and 14681?
277
What is the greatest common factor of 36615 and 30?
15
What is the greatest common factor of 20 and 192410?
10
Calculate the greatest common divisor of 5436 and 216.
36
Calculate the highest common divisor of 3429 and 999363.
381
What is the greatest common divisor of 15 and 219855?
15
Calculate the highest common factor of 429 and 2197052.
143
What is the highest common factor of 252818 and 166?
166
Calculate the greatest common factor of 9170 and 2548.
14
Calculate the highest common divisor of 6010 and 4207.
601
What is the greatest common factor of 32 and 56344?
8
Calculate the highest common factor of 7232 and 384.
64
Calculate the highest common divisor of 1203103 and 489.
163
Calculate the greatest common divisor of 77 and 96151.
11
What is the highest common divisor of 57 and 78489?
57
What is the highest common factor of 248 and 488?
8
Calculate the greatest common divisor of 1940 and 55096.
388
Calculate the highest common divisor of 5643 and 2736.
171
What is the greatest common divisor of 5055 and 465?
15
What is the greatest common divisor of 68486 and 30847?
283
What is the highest common divisor of 5411 and 4508?
7
Calculate the greatest common divisor of 27577 and 654.
109
What is the highest common factor of 6112307 and 1213?
1213
What is the highest common divisor of 88 and 30024?
8
Calculate the highest common factor of 40365 and 8505.
135
What is the greatest common divisor of 41 and 1539427?
41
Calculate the highest common divisor of 25490 and 2330.
10
What is the greatest common factor of 288 and 18972?
36
What is the highest common factor of 38 and 107654?
38
Calculate the greatest common factor of 80704 and 16640.
832
What is the highest common factor of 99660 and 151?
151
What is the highest common factor of 99 and 18270?
9
What is the greatest common divisor of 5625 and 10890?
45
Calculate the highest common factor of 72422 and 490.
98
Calculate the highest common divisor of 1635633 and 1016.
127
Calculate the greatest common divisor of 11926 and 19046.
178
Calculate the h